- 6. Suppose 0*z = -4*z + 24. Suppose -3*a = -l*b - 50, -3*a = -z*a - 5*b + 5. List the prime factors of a.
2, 5
Let s be (-3)/(-6)*0/3. Suppose -4*j + 75 = -3*t - 130, s = -2*j + 3*t + 107. List the prime factors of j.
7
Suppose -3*p + 4 - 1 = 0. List the prime factors of (-21 - p)*2/(-4).
11
Let j(m) = 2*m**2 - m + 57. List the prime factors of j(12).
3, 37
Let g = 47 - 22. Suppose x - 13 = g. Suppose 6*p - 2*v = 5*p + 15, -x = -3*p - v. What are the prime factors of p?
13
Suppose -5*k = -i + 16, 6*k + 6 = 3*k. Suppose -9 = i*n - 3*n - 3*f, 0 = -5*n + 4*f - 10. Let y = n - -2. What are the prime factors of y?
2
Let i = 2 - -2. Suppose 6 = i*z - 14. What are the prime factors of z?
5
Let v(c) = -8*c - 15. Let m be v(-11). Let j = 103 - m. List the prime factors of j.
2, 3, 5
Suppose -3*l + 3*z - 5 = 2*l, l - 5*z = -23. Suppose 0 = -4*v - r + 14, l - 12 = -3*v - r. List the prime factors of 1*4 - (v - 3).
3
Let z = 155 + -90. What are the prime factors of z?
5, 13
Suppose -2*q + 14 = c - 5*c, 0 = 2*q - 2*c - 14. What are the prime factors of q?
7
Suppose -2*i + 4*i - 2 = 0. Let h be i/6 - (-14)/(-12). Let v = 5 - h. What are the prime factors of v?
2, 3
Suppose -5*k + 4*p = -20, 25 = -3*k + 5*k - 5*p. Suppose -5*c + 0*c + 145 = k. List the prime factors of c.
29
Let b(x) = x**2 - 3*x - 8. What are the prime factors of b(7)?
2, 5
What are the prime factors of 44*-2*3/(-24)?
11
Let z be ((-2 - -4) + -3)*0. Suppose j = -z*j + 16. Suppose -2*y + j = -y. List the prime factors of y.
2
Suppose 96 = 5*f - 2*f. List the prime factors of f.
2
Suppose -21*v + 18*v = -714. What are the prime factors of v?
2, 7, 17
Suppose -3*g = 11 + 7. What are the prime factors of (-4)/g - (-20)/6?
2
Let i be 143/2 + 1/2. Suppose -3*x + 7*x = -i. Let y = 30 + x. What are the prime factors of y?
2, 3
Let u(l) = -28*l - 2. List the prime factors of u(-1).
2, 13
Suppose 0 = -3*u - 0*h + 5*h + 66, -4*h + 88 = 4*u. List the prime factors of u.
2, 11
Suppose 5*i + 5*l = 180, -i - 2*l - 3*l = -44. What are the prime factors of i?
2, 17
Suppose -6*z + 324 = -270. List the prime factors of z.
3, 11
Suppose -p - 4*c + 3 = -6*c, -5*p = -2*c + 1. Let q(u) = -u**3 + 4*u**2 + 3*u - 5. Let s be q(4). Let r = s + p. List the prime factors of r.
2, 3
Suppose 3*w - u = 49, 3*w = -0*w + 4*u + 52. List the prime factors of w.
2
Suppose a - 72 = -7*a. List the prime factors of a.
3
Let b = 26 + 16. What are the prime factors of b?
2, 3, 7
Suppose -11*r = -6*r - 20. What are the prime factors of r?
2
Suppose -2*q = -3*s + 163 - 21, -3*q + 12 = 0. List the prime factors of s.
2, 5
Let g(i) = 3*i - 4 - 7*i + 5 + 3*i. Suppose m = 2*m + 6. What are the prime factors of g(m)?
7
Let p = -35 + 52. What are the prime factors of p?
17
Let x(w) = 3*w + 64. What are the prime factors of x(-6)?
2, 23
Let m = 10 + -7. List the prime factors of (m - 1)*(3 + -2).
2
Suppose -w = -3*w. Let r be 0 + w/(-2) + 1. List the prime factors of -15*2/(-2)*r.
3, 5
What are the prime factors of (-2*1)/(5 + (-614)/122)?
61
Suppose 15 = 4*b + b. Suppose -b*g + 12 = -3. What are the prime factors of g?
5
Let b be -2 + 24 + 3 + 2. Suppose 3*t - b = -0. What are the prime factors of t?
3
Let c = -228 - -347. List the prime factors of c.
7, 17
Suppose -2*x + 2 = -0. Let i be 0 - 10/(-2 + x). Suppose -i = -5*y - 0. List the prime factors of y.
2
Suppose -h + 2*h + m - 30 = 0, -2*m + 32 = h. Let i = -56 + h. Let c = 48 + i. List the prime factors of c.
2, 5
Let b = 29 + 40. List the prime factors of b.
3, 23
Let i be 4/10 + (-456)/40. Let j(l) = -l + 16. List the prime factors of j(i).
3
Let c = -6 - -7. Suppose 0 = -5*h - c + 11. Suppose -h*a + 6 = -0. What are the prime factors of a?
3
Let l(u) = u**3 - 9*u**2 - 10*u - 1. Let r be l(10). List the prime factors of (-2 - r/(-1)) + 30.
3
Suppose 0 = 3*w - 5*w - 8. Let p(q) = -q**3 + 4*q**2 + 7*q - 4. Let j be p(5). Let c = w + j. What are the prime factors of c?
2
Let a(v) be the third derivative of v**4/24 + v**3/2 - 5*v**2. What are the prime factors of a(6)?
3
What are the prime factors of ((-12)/(-20))/(1/5)?
3
Let a be 3/2*(5 - 3). Suppose -3 = -a*k, 3*r + 1 = 5*k + 2. List the prime factors of r.
2
Let i(v) = -v + 2*v**2 + 1 - 4 + 3*v. Let h be i(2). List the prime factors of (-6)/3*h/(-6).
3
Let c be (-154)/84 - (14/12 + -1). Let r be (-1 - 0) + 2 + 1. Let u = r - c. List the prime factors of u.
2
Let a = -12 - -32. Suppose -2*o - a = -7*o. Suppose 0 = -o*z + 12. What are the prime factors of z?
3
Let a(w) = -w**2 + 8*w - 5. What are the prime factors of a(5)?
2, 5
Let u(z) = -z + 2. Let g be u(1). Let b be g + 0 + -2 + -5. Let o(q) = q**2 + 4*q - 1. List the prime factors of o(b).
11
Let h = -23 + 25. What are the prime factors of h?
2
Let l(z) = -z**2 + 8*z + 2. Suppose -5*q = -33 - 7. What are the prime factors of l(q)?
2
Suppose 0*h - 5*y = 2*h - 160, -5*y = 4*h - 310. List the prime factors of h.
3, 5
Let y(x) be the first derivative of 13*x**5/120 - x**4/24 - 2*x**3/3 - 1. Let l(p) be the third derivative of y(p). List the prime factors of l(1).
2, 3
Suppose 5*v - 15 = 3*x, -2*x - 1 = -2*v + 5. Suppose -r - 4*r + 5 = x. What are the prime factors of (-14)/(r + (-3 - -1))?
2, 7
Suppose 2 = 2*z - 0. List the prime factors of (38/z)/(3 - 1).
19
Suppose 3*b - 2 = b. Suppose 5*i - 12 - 3 = s, -s + b = -i. What are the prime factors of s?
5
Suppose 4*b - 2*b = -5*c + 37, -3*c = 2*b - 27. Suppose 0 = -3*d + 2*d + b. What are the prime factors of d?
2, 3
Suppose 0 = -g - 0*g + 80. Suppose -2*i - 2*i + g = 0. List the prime factors of i.
2, 5
Let a(d) = -d**2 - 36*d - 28. What are the prime factors of a(-14)?
2, 5, 7
Suppose -5*w + 550 = 5*s, 0 = w - 0*s - 4*s - 120. List the prime factors of w.
2, 7
Suppose -40 = -5*m - 10. List the prime factors of (4/m)/((-2)/(-6)).
2
Let i = -11 + 18. What are the prime factors of -2 + i - (-8)/(-4)?
3
Let k = 8 - 5. Suppose -k*v + 2*j = -0*j - 51, 3*j + 51 = 3*v. List the prime factors of v.
17
Let d(j) = -j**2 - 8*j - 10. Let b = -19 + 12. Let o be d(b). List the prime factors of 0 - -2 - (o + 2).
3
Let p(z) = -z**3 - 2*z**2 + z - 2. Let d be p(-3). What are the prime factors of d/(-22) - 322/(-77)?
2
Suppose 0 = -2*p + f + 13 + 30, -3*p = 2*f - 68. What are the prime factors of p?
2, 11
Let z = 77 - 40. List the prime factors of z.
37
Let h(v) = 2*v - 2*v + 2*v. Let f be h(-1). Let i = f + 5. List the prime factors of i.
3
Suppose 1119 = 3*b + 3*y, 5*b - 4*y = -5*y + 1857. List the prime factors of b.
7, 53
Let d(k) be the first derivative of k**2/2 + 6*k + 1. List the prime factors of d(5).
11
List the prime factors of 2 - ((-18)/(-4))/(5/(-90)).
83
Suppose -4*s + 7*s = 54. What are the prime factors of s?
2, 3
Let t be 66/5 - 1/5. Let k = t - 8. Suppose k*p + 5*g = 45, 0 = p - 3*g - 9 - 4. List the prime factors of p.
2, 5
Suppose -b + 58 = g, -3*b - 38 = g - 206. What are the prime factors of b?
5, 11
Let t be -1 + -1 - (-18)/(-3). Let b(j) = -j - 1. What are the prime factors of b(t)?
7
Let x = 177 + -29. Suppose 6*q = 2*q + x. List the prime factors of q.
37
List the prime factors of (-1207)/(-13) + 16/104.
3, 31
Suppose j + 16 = 3*b + b, 29 = 3*b - 5*j. Suppose -b*q + v - 3*v + 13 = 0, 0 = 4*q + 2*v - 18. What are the prime factors of q?
5
Let g(x) = x**2 - 14. Let k be g(-6). Suppose 0 = b + 5*q + 5, -k - 14 = -3*b + 2*q. List the prime factors of b.
2, 5
Let h(u) be the first derivative of u**3/3 - 5*u**2/2 - 2. Let l be h(5). Suppose -q + l*q + 5 = 0. List the prime factors of q.
5
Let t(m) = -m**3 - 6*m**2 - 12*m - 8. Let x(g) = 5*g**3 + 29*g**2 + 61*g + 39. Let f(a) = -11*t(a) - 2*x(a). What are the prime factors of f(-5)?
5, 7
Let b(j) = 3*j - 3. Suppose -3*a - 2*g - 20 = 3*g, -a - 3*g - 4 = 0. Let z(o) = -o**3 - 11*o**2 - 10*o + 5. Let y be z(a). List the prime factors of b(y).
2, 3
Let f(l) = 15*l**3 + 8*l**2 + 5*l + 6. Let u(x) = -14*x**3 - 7*x**2 - 4*x - 5. Let s(g) = -5*f(g) - 6*u(g). List the prime factors of s(1).
2, 5
Let w be (-75)/10*(-8)/(-3). Let c be 1*(w/(-2) + 0). Suppose -c = -y + f, y + 2*f = f + 4. What are the prime factors of y?
7
Let l = -34 - -62. What are the prime factors of l?
2, 7
List the prime factors of (54/(-21))/((-254)/84 - -3).
2, 3
Let d be 6/21 + 393/21. Suppose y + r - 6*r = 12, -